Calculate the greatest common factor of q and 11.
11
Let f(y) = 5*y - 6. Let m be f(4). What is the highest common factor of 28 and m?
14
Suppose 1 = k + 4. Let r(m) = -m**3 - 2*m**2 + m - 2. Let g be r(k). Suppose g*w - b = 142, 0*b = 4*b + 8. Calculate the highest common factor of 5 and w.
5
Suppose 0 = 3*a - 24 - 0. Suppose a - 2 = b. Calculate the greatest common factor of 24 and b.
6
Let l(f) = -f**3 - 4*f**2 + 10*f - 5. Let z be l(-6). Let v(o) = 15*o - 2. Let i be v(2). Calculate the highest common factor of i and z.
7
Let v be -18*((-22)/6 - -3). Let w(h) = 8*h - 4. Let y be w(5). Calculate the greatest common divisor of y and v.
12
Suppose -261 = -9*s + 198. Calculate the greatest common factor of 68 and s.
17
Let p(g) = g**2 + 5*g + 3. Let w be p(-2). Let f be w/5 + 174/15. What is the highest common divisor of 22 and f?
11
Suppose 8 = 2*q + 4*x, -4*x + 2 = -2*q + 10. Let c = -11 + 15. Suppose -34 = -2*n + c*j, -5 - 18 = -n + q*j. Calculate the greatest common divisor of 44 and n.
11
Let y = 3 + -1. Suppose -2*h - h + 40 = 4*o, y*o - 38 = -3*h. What is the greatest common factor of h and 4?
4
Suppose -4*r + 3*d = -753, -946 = -0*r - 5*r - d. What is the highest common divisor of r and 21?
21
Let r(a) = a**3 - 5*a**2 + a + 10. Let l be r(6). What is the greatest common factor of l and 26?
26
Let q(h) = -h + 11. Let j be q(8). Suppose 0*x + j*o = x - 13, 4*o = -4*x - 12. What is the highest common factor of x and 11?
1
Suppose 2*s = -113 + 47. Let w = 60 + s. Calculate the greatest common divisor of 9 and w.
9
Suppose 2*t - 48 = 5*b + 107, t + 2*b = 82. Let o = 10 - 7. Suppose -x + 128 = o*x. Calculate the highest common divisor of t and x.
16
Suppose f + 2 = 3. Suppose 14 = t - f. What is the greatest common factor of t and 3?
3
Let f be (-20)/(-2)*(1 - (-7)/(-14)). Calculate the greatest common factor of 25 and f.
5
Let j be (6/3 - 9)/(-1). Calculate the greatest common divisor of 63 and j.
7
Let m = 3 + -15. Let b = 24 + m. Let u = -7 - -31. What is the greatest common factor of u and b?
12
Suppose 0*d = -2*d + w + 5, -4*d = 3*w - 15. Let q be -18*((-7)/d + 2). Calculate the greatest common divisor of q and 66.
6
Let o = 7 - 4. Calculate the highest common divisor of o and 33.
3
Let k(b) = -b**3 + 6*b**2 + 3*b - 6. Let o be k(6). Calculate the highest common factor of o and 4.
4
Suppose 19 = 2*h - 2*s + 3*s, -31 = -2*h - 5*s. Calculate the highest common divisor of h and 20.
4
Let c = 20 - 6. Suppose -3 = d + 5*o, 2*d = 3*d - 2*o - 11. Calculate the greatest common factor of d and c.
7
Suppose -4*d = 4*m - 56, -2*m = -3*d + 2*m + 28. Let i be 4/6 + 64/d. Suppose -2*a + i*a - 84 = 0. What is the highest common divisor of 21 and a?
21
Let x(h) = 12*h**2 - 5*h + 3. Let c be x(1). Let o be (2 - -68)/(0 - -1). What is the highest common divisor of o and c?
10
Suppose -6 = -2*o, -5*q = -3*o - 6 - 20. What is the greatest common factor of 7 and q?
7
Let p = -285 - -601. Suppose 0 = 5*w + g + 3*g - p, -3*w + 5*g + 160 = 0. What is the greatest common factor of w and 24?
12
Let k(h) = 4*h**2 - 2*h - 9. Let q be k(-8). Let s = q + -168. What is the highest common factor of 19 and s?
19
Let k be (-12)/(-8)*(10 - 0). Let r(q) = q**2 - 3*q - 9. Suppose 0 = 4*l + 24. Let v be r(l). Calculate the highest common divisor of v and k.
15
Let w = 76 + -36. Suppose -2*l - w = -k + l, 4*k + 2*l = 104. What is the greatest common factor of k and 14?
14
Let c = -36 - -47. What is the greatest common divisor of c and 44?
11
Let p = 13 - 5. Let m(s) = -s**2 - 7*s + 3. Let l be m(-7). Suppose 4*v = k - 88, -l*k + 293 = -3*v + 65. Calculate the highest common factor of k and p.
8
Let d be 95/20 + (-6)/8. Suppose 3*h + 19 = -38. Let t = h - -29. What is the greatest common divisor of d and t?
2
Let o = -32 - -102. Let k = o + 14. Let v = 3 - -9. What is the greatest common factor of v and k?
12
Let w(x) = -x**3 + 7*x**2 + 6. Let i be w(7). Suppose -6*u + 3*u = -i. Let o be 0 - u - (-300)/6. What is the highest common divisor of o and 6?
6
Suppose 3*v + 5*s = 8*v - 200, 2*v = 5*s + 92. Suppose 3*p = -2*i + 23, 10 - v = -4*p - 5*i. What is the highest common factor of 18 and p?
9
Let c be ((-48)/10*-1)/((-2)/(-40)). Suppose 0 = -3*x - x + 48. Calculate the greatest common divisor of x and c.
12
Suppose -5*a + 5 = 2*g - g, 0 = 5*g + 2*a + 21. Let s be (4/g)/((-10)/25). Suppose -s*b + 16 = -2. What is the highest common factor of b and 72?
9
Let j = 55 - 51. What is the greatest common divisor of 1 and j?
1
Let t be (1815/10)/3 - 1/2. What is the greatest common factor of t and 20?
20
Let x = 51 - 16. What is the greatest common factor of x and 5?
5
Let g = -311 + 341. Suppose w - 46 = -j, -3*w + 3*j + 2*j = -130. Calculate the highest common divisor of w and g.
15
Suppose 0 = 5*v + 2*q - 12 - 2, 14 = 4*v + 3*q. Calculate the greatest common factor of 1 and v.
1
Suppose z - 6 = -0*z. Let c(i) = 13*i**2 - i. Let s be c(1). What is the greatest common divisor of s and z?
6
Let q be 2*(-2)/(-4)*3. Suppose -g + 13 = 2*k - 6, q*g + 3*k - 66 = 0. Let t = g - -23. Calculate the highest common divisor of t and 32.
16
Suppose -6*v + 7*v - 21 = 0. What is the highest common divisor of 189 and v?
21
Suppose -5*j + 52 = -4*j. Calculate the highest common factor of j and 130.
26
Suppose -6*t = -10 - 20. What is the highest common divisor of 15 and t?
5
Let a = 15 - -6. Calculate the highest common factor of 147 and a.
21
Let d be 4 + 4 + (-4 - -1). Suppose -d*h + 79 - 9 = 0. Calculate the greatest common divisor of 14 and h.
14
Let a be (-2)/(-7) + (-1006)/(-7). Let i be 35/2 - 22/(-44). Calculate the highest common divisor of i and a.
18
Let g(x) = x**2 + 2*x + 1. Let t be g(2). Let j = -4 + 76. What is the greatest common divisor of j and t?
9
Let m(k) = -16*k + 3. Let t be m(-6). Let z = 13 + -4. Calculate the greatest common factor of t and z.
9
Suppose -2*j + 22 = 2*u, -7*u = 3*j - 2*u - 35. Let z = 271 + -181. Calculate the greatest common divisor of j and z.
10
Let p be 10 + 1 + -3 + -4. Let l = -3 + p. What is the highest common factor of l and 9?
1
Let i(t) = t**2 - 14*t - 5. Let h be i(-11). What is the greatest common divisor of h and 15?
15
Let p(r) = -r**2 + 9*r + 14. Let c be p(10). What is the highest common factor of c and 2?
2
Let a(r) = 2*r - 3. Let f be a(8). Calculate the greatest common factor of 91 and f.
13
Let r be (-68)/(-3) - (-2)/(-3). Suppose r = 5*a - 4*a. Suppose 0 = -2*f - 3*x - 2*x + 69, -f + 5*x = 3. What is the highest common divisor of f and a?
22
Suppose -4*k = -3*f - 99 - 15, -2*k + 5*f + 64 = 0. Let n = -5 - -23. Calculate the greatest common divisor of k and n.
9
Suppose 6*q - 16 = 2*q. Suppose 2*p = -q*t + 612, 5*t + 4*p = 3*t + 300. What is the greatest common factor of t and 22?
22
Suppose 36 = q + 3*l, q = -4*l + 22 + 11. Let h = -26 - -44. What is the greatest common divisor of q and h?
9
Suppose z + 20 = 4*m - 0, m = -4*z - 12. Let n = 0 + m. What is the highest common factor of 28 and n?
4
Let g = 7 + -4. Let d be 9*6*1/2. Let a be (-191)/(-9) + (-6)/d. What is the highest common factor of a and g?
3
Let o = 15 - 8. Let w = 74 - 18. Calculate the greatest common factor of o and w.
7
Let j be 8 - 4*2/(-4). Suppose -w + 22 + j = 0. Suppose -2 = -2*f, 2*h + 3*f + f - w = 0. Calculate the highest common factor of 154 and h.
14
Suppose m - 5*m = -32. Calculate the highest common divisor of m and 64.
8
Let u(g) = g - 2. Let a be -1*(-2 + -3 - -2). Let p be u(a). Suppose 0*h = h - 9. Calculate the greatest common factor of p and h.
1
Suppose 4*n - 132 = 2*n. Let h be 179/4 - 9/12. Calculate the greatest common divisor of h and n.
22
Let c be (-1 - -1)*8/24. Suppose c = h - 32 - 63. What is the greatest common divisor of 38 and h?
19
Let y(z) = z**3 - 9*z**2 - 12*z. Let s be y(10). Let b be 6*(-5)/(s/6). Calculate the highest common divisor of b and 9.
9
Let k = 33 + 9. What is the highest common divisor of 21 and k?
21
Let l be (20/50)/(2/210). What is the highest common factor of l and 63?
21
Suppose 0 = r - 1 - 18. Let s = 23 - r. Calculate the greatest common divisor of 44 and s.
4
Let c = -5 - -9. Let h be c/(-10)*(0 - 10). What is the greatest common divisor of h and 4?
4
Let r be 1 + (6/2 - -2). Suppose d + 2*g - 4 = 4*d, 0 = 3*